h(l) = 106*l - 62. What are the prime factors of h(5)?
2, 3, 13
Let t = 882 - -4553. List the prime factors of t.
5, 1087
Suppose 2*f - 5 + 7 = 0. What are the prime factors of (-7236)/(-48) + f/(-4)?
151
What are the prime factors of -3*(3437/21)/(-1)?
491
Let d = 226 - 210. Let w = -9 + 15. Suppose w*m - d = 5*m. List the prime factors of m.
2
Let b = -59 + 68. Let l(u) = 7*u + 3. What are the prime factors of l(b)?
2, 3, 11
Let w(g) be the second derivative of -g**5/10 + g**4/12 - g**3/6 + g**2/2 + 6*g. Let c be w(1). Let y = c + 19. What are the prime factors of y?
2, 3
Let p be -1*6/9*-147. Let q = 163 - p. What are the prime factors of q?
5, 13
Suppose 87*m - 65*m + 1078 = 0. Suppose 0*v = v - 69. Let k = v + m. List the prime factors of k.
2, 5
Suppose 8*u = 11*u. Suppose 15*n - 4*n - 3443 = u. List the prime factors of n.
313
Suppose -9 = -3*c, 3*c + 308 = 2*k - c. Let w = 303 - k. What are the prime factors of w?
11, 13
Let q = -185 + 105. Let r = q - -195. What are the prime factors of r?
5, 23
Let t = -1201 + 1962. List the prime factors of t.
761
Let l be -1 + (2 - 3) - -4. Suppose 30 = 5*d + l*c + 3*c, c = -1. Suppose d*b - 178 = 116. What are the prime factors of b?
2, 3, 7
Suppose -m + 4 = -15. Let s = -12 - -20. Let f = m - s. What are the prime factors of f?
11
Suppose 509 = 4*x - v - 593, -2*v + 4 = 0. List the prime factors of x.
2, 3, 23
Suppose 56 = -5*l + 206. Suppose -5*m = 0, -g - g + l = m. Let o = -12 + g. What are the prime factors of o?
3
Suppose g + 3 = 6. Suppose g*q = -2*q + 200. Suppose 3*i - 53 = -2*i + 4*w, 0 = 4*i - 4*w - q. List the prime factors of i.
13
Let n(w) be the first derivative of 2*w**3/3 + w**2 - 6*w - 18. What are the prime factors of n(-10)?
2, 3, 29
Let j = -6 + 11. Suppose -3*h + 40 = j*k - 22, 120 = 5*h + 5*k. Suppose -h = -2*o + 3. List the prime factors of o.
2
Let q = 3051 - 1229. What are the prime factors of q?
2, 911
Suppose 21*a - 26298 - 78450 = 0. List the prime factors of a.
2, 29, 43
Let p(m) = -69*m + 74. What are the prime factors of p(-8)?
2, 313
What are the prime factors of (-2 + (1 - 1))*(-618 + 73)?
2, 5, 109
Let o be ((-6)/4)/((-2)/16). Suppose a - o = -3*a. List the prime factors of a.
3
Let m = 96 + -96. List the prime factors of 103*(m/(-2) - -1).
103
Let g(y) = 7*y**2 + 3*y + 1. Let i(k) = -13*k**2 - 5*k - 1. Let x(w) = -10*g(w) - 6*i(w). What are the prime factors of x(-3)?
2, 17
Let x = 91 - -249. Suppose -3*a - 4*v + 197 = 0, x = a + 4*a - 5*v. List the prime factors of a.
67
Let w(y) be the third derivative of -53*y**6/40 + y**5/30 + y**4/8 + y**3/3 + 33*y**2. List the prime factors of w(-1).
2, 5
Suppose -3*c + 4*z + 18 = 0, -5*c - 2*z + z + 30 = 0. Suppose 8*i + 4 + 124 = 0. List the prime factors of (i - 0)/(c/(-15)).
2, 5
Let j = 177 + 77. What are the prime factors of j?
2, 127
Let s = 529 + -284. List the prime factors of (-3 - 19/(-5))*s.
2, 7
Let d(k) = 3*k**3 + 4*k**2 - 2. Let g = 52 + -49. List the prime factors of d(g).
5, 23
Let m(i) = -3*i**3 - 5*i**2 + i - 5. Let f(a) = a**3 - a**2 + 1. Let z(o) = -2*f(o) - m(o). List the prime factors of z(-6).
3, 5
Let z = 486 - 109. What are the prime factors of z?
13, 29
Let x(v) = v**3 + 10*v**2 + 10*v + 13. Let w(c) = 5*c - 7. Let k be w(5). Suppose -18 = 4*d + k. What are the prime factors of x(d)?
2
Let f(c) = 3*c. Let k = 14 - 8. Let m = k + -4. List the prime factors of f(m).
2, 3
Suppose -16*h + 7*h = -2268. What are the prime factors of h?
2, 3, 7
Let g = 4388 - 1357. What are the prime factors of g?
7, 433
Suppose -13 = -4*v - 1. Suppose -y + 2*r = 4*y + 11, 4*r = y + 13. List the prime factors of v - (52/2)/y.
29
Suppose 0*v + 4*v + 4*m = 912, 2*m + 6 = 0. Suppose -320 = -2*s - 5*z, -5*z = s + 71 - v. What are the prime factors of s?
2, 5
Suppose -3413 = -3*l + 2*z - 6*z, 4*z = -4*l + 4552. What are the prime factors of l?
17, 67
Suppose -s - 10 = -0*s. Let c = s + 12. List the prime factors of (-1)/c - 35/(-2).
17
Suppose -30*j - 2428 = -18238. List the prime factors of j.
17, 31
Suppose 1817 = 2*g + z - 1637, 4*z - 3466 = -2*g. List the prime factors of g.
3, 5, 23
Let v(d) be the second derivative of -d**5/20 + 5*d**4/12 + 2*d**3/3 - 3*d**2 - 5*d. Let j be v(6). List the prime factors of j/(-2) + (-2 - -2).
3
Let z be -1*((-6)/3)/(-2) - 119. Let x = 144 + z. What are the prime factors of x?
2, 3
Let x(h) be the second derivative of -2*h - 1/4*h**4 - 1/20*h**5 + 1/2*h**2 + 0 - 1/6*h**3. List the prime factors of x(-3).
2
Let j = 50 + -47. What are the prime factors of 4 - -47 - (j + -7)?
5, 11
Suppose -8*b + 16 = -4*b. Suppose -5*n - 3*p + 175 = -8, -133 = -3*n + b*p. What are the prime factors of n?
3, 13
Let y = -9 - -20. Let i = 56 - y. Let o = -31 + i. List the prime factors of o.
2, 7
Let j = 2695 - 1430. What are the prime factors of j?
5, 11, 23
Let m be 180/(-42) - (0 - 2/7). List the prime factors of (-4)/(-8) + (-562)/m.
3, 47
What are the prime factors of -130*(-3)/((-90)/(-276))?
2, 13, 23
Let c = 148 + -14. Suppose -n - 2*m - 3 = -46, -5*m + c = 3*n. List the prime factors of n.
53
List the prime factors of (3 + (-5)/2)*1628 + -3.
811
Let f = -28 - -76. Let u = f + 23. List the prime factors of u.
71
Suppose 0 = 4*z + z + 2*y - 2955, -4*z + 5*y = -2364. What are the prime factors of z?
3, 197
Suppose -51 = -i - 16. Suppose -5*s = -4*s - i. What are the prime factors of s?
5, 7
Let r(j) = 2*j**2 + 33*j - 74. List the prime factors of r(14).
2, 3, 5, 13
Let w = -25 - 31. Let d = 46 - w. What are the prime factors of d?
2, 3, 17
Let a(m) = -m**2 - 15*m + 3. Let j be 2 + 48 + 1 + -3. Suppose -2*f = 2*f + j. What are the prime factors of a(f)?
3, 13
Suppose -5*q = -4 - 131. Suppose -q + 5 = -i. Suppose 0 = -3*g + i + 47. What are the prime factors of g?
23
What are the prime factors of 17751*(-2)/(-7) + 6/21?
2, 317
What are the prime factors of 6 + -6 + (7 - (-6 + -4690))?
4703
Suppose 19*g = -6981 + 24651. What are the prime factors of g?
2, 3, 5, 31
Suppose 5*i - 2*i - 3 = 0, 5*i + 4 = 3*c. Suppose -4*o + 57 = -3*l - 86, 0 = c*o - 5*l - 110. List the prime factors of o.
5, 7
Let c = -2238 - -3898. List the prime factors of c.
2, 5, 83
Suppose -46753 = 76*h - 368537. What are the prime factors of h?
2, 29, 73
Let n(t) = t**2 - 55*t - 5. List the prime factors of n(-17).
23, 53
List the prime factors of (-23)/((-161)/4900) - -7.
7, 101
Let p = 1522 + -847. What are the prime factors of p?
3, 5
Suppose 2*n + 1 = -127. Let b = n - -114. List the prime factors of b.
2, 5
Suppose -2*v + 5*q + 278 = -2605, 4*q - 20 = 0. What are the prime factors of v?
2, 727
Let n(s) = -s**2 + 16*s + 8. Suppose 0 = -5*x + 33 - 3. List the prime factors of n(x).
2, 17
Let t(v) = 51*v - 218. What are the prime factors of t(29)?
13, 97
Suppose -4*u - t = -1041, 6*u = 10*u - t - 1039. Let b = -167 + u. List the prime factors of b.
3, 31
Let a = 24 + -12. Let m = a + -6. Suppose m*w - 5*w = 3. List the prime factors of w.
3
Suppose -11*f + 13*f + 28 = 0. Let m be ((-16)/(-32))/((-1)/f). Let g(i) = -i**2 + 10*i - 12. What are the prime factors of g(m)?
3
Let u be 64/2 + (-20)/10. Let d = 33 + u. List the prime factors of d.
3, 7
Let b(a) = -a**3 + 15*a**2 + 23*a - 18. Let f be b(16). Let k = f - 55. What are the prime factors of k?
3, 13
List the prime factors of (0 + 6/9)/((-10)/(-7170)).
2, 239
Let p = 2269 - 1249. List the prime factors of p.
2, 3, 5, 17
Let g = 41 - -6. List the prime factors of g.
47
Let a be (8/20)/(1604/(-400) - -4). What are the prime factors of ((-530)/a)/(0 + (-2)/(-8))?
53
Suppose -13*d - 350 = -3*d. What are the prime factors of 216*((-2)/(-6) - d/84)?
2, 3
What are the prime factors of ((-316)/(-6))/((-8)/(-1320)*10)?
11, 79
Let q be (0 - -122 - -2)*(-1)/1. Let t = q + 264. What are the prime factors of t?
2, 5, 7
Let u be (-15)/(-4) + 6/(-8). Let s = u - -5. Suppose -s*c + 20 = -3*c. What are the prime factors of c?
2
Let n be (-2 + 94)/(2/4). Let x = 264 - n. List the prime factors of x.
2, 5
Let y(w) = -8*w - 4*w**3 + 7 - 6*w**2 + 5*w**3 + 0*w**3. Let h be y(7). Suppose -2*v + 54 = -h*v. List the prime factors of v.
3
Let s = -23 + 11. Let h be (s/(-9))/(2/(-3)). What are the prime factors of h/(-1)*196/8?
7
Suppose -5*b = -3*y + 3923, 3*y - 2*b - 4085 + 165 = 0. List the prime fact